{"id":229,"date":"2013-06-09T17:50:02","date_gmt":"2013-06-09T17:50:02","guid":{"rendered":"http:\/\/www.musikschule-muehldorf.de\/?page_id=229"},"modified":"2021-09-12T12:02:12","modified_gmt":"2021-09-12T12:02:12","slug":"hans-prahofer","status":"publish","type":"page","link":"https:\/\/musikschule-muehldorf.de\/?page_id=229","title":{"rendered":"Hans Pr\u00e4hofer"},"content":{"rendered":"<h2>Hans Pr\u00e4hofer Vita<\/h2>\n<ul>\n<li>Am 29. September 1920 in Traunstein geboren, aufgewachsen in M\u00fchldorf a.Inn, im 2. Weltkrieg in Polen, Frankreich und Russland stationiert, nach Verwundungen aus der Wehrmacht entlassen.<\/li>\n<li>Studium bei Prof. Adolf Schinnerer an der Akademie der Bildenden K\u00fcnste in M\u00fcnchen, danach freischaffender K\u00fcnstler.<\/li>\n<li>1945 Heirat mit einer Hamburgerin, mit zwei Kindern.<\/li>\n<li>Harte Nachkriegsjahre, die Hans Pr\u00e4hofer als Zeitungsschreiber \u00fcberbr\u00fccken konnte. Lokalberichterstatter f\u00fcr das Oberbayerische Volksblatt und andere Gazetten. Gerichts- und Polizeiberichte, kleinst\u00e4dtisches Vereinsgeschehen, Neues aus dem Rathaus und vom Kreistag, hautnah Erlebtes.<\/li>\n<li>1949 schildert Hans Pr\u00e4hofer in 72 Folgen den Zusammenbruch und die Zeit bis 1948 am Beispiel einer Stadt am Inn und ihrem Hinterland (eine Dokumentation mit vielen Zeichnungen, 1985 als Buch erschienen). Langsam griff das Werken als Maler und Zeichner. Gewonnene Wettbewerbe, Plakate, Prospekte, Kunst am Bau, Illustrationen.&nbsp; Pers\u00f6nliche Kontakte und Briefwechsel mit Alfred Kubin.<\/li>\n<li>1966 ist der Roman&nbsp;<em>\u201cDie Drachenschaukel\u201c<\/em>&nbsp;bei Piper erschienen, berichtet von einer Jugend in Altbayern. Das Buch hat Aufsehen erregt. Ma\u00dfgebende Rezensenten begr\u00fc\u00dften es als wichtiges literarisches Ereignis.<\/li>\n<li>1991 mit dem Bundesverdienstkreuz am Bande und dem Bayerischen Poetentaler ausgezeichnet, Mitglied bei den M\u00fcnchner Turmschreibern.<\/li>\n<li>1995 erh\u00e4lt Hans Pr\u00e4hofer&nbsp; die Verdienstmedaille in Gold des Landkreises M\u00fchldorf a.Inn.<\/li>\n<li>1997 folgt die Berufung in den k\u00fcnstlerischen Beirat ins Haus der Kunst.<\/li>\n<li>2004 wird Hans Pr\u00e4hofer das Verdienstkreuz 1. Klasse des Verdienstordens der Bundesrepublik Deutschland verliehen.<\/li>\n<li>Sein Atelier hatte der K\u00fcnstler bis zu seinem Tod am 6.November 2005 nahe der Isar im alten M\u00fcnchener Stadtteil Au.<\/li>\n<li>\u2020&nbsp; 6. November 2005 in M\u00fcnchen.<\/li>\n<\/ul>\nngg_shortcode_0_placeholder\n<h2>Galerie mit Bildern von Hans Pr\u00e4hofer im Schulgeb\u00e4ude<\/h2>\n<p>Die Sparkasse M\u00fchldorf \/ Alt\u00f6tting hat uns insgesamt 33 hochwertige Reproduktionen von Bildern des Malers Hans Pr\u00e4hofer als Schenkung \u00fcberlassen. Die Bilder h\u00e4ngen nun an unseren W\u00e4nden auf den G\u00e4ngen des Erdgeschosses und des 1. Stocks und unserer Treppenh\u00e4user und vermitteln einen repr\u00e4sentativen Querschnitt aus dem umfangreichen Schaffen des K\u00fcnstlers.<\/p>\nngg_shortcode_1_placeholder\n<p>Au\u00dferdem erhielt das Hans-Pr\u00e4hofer-Haus drei in den sechziger Jahren von Hans Pr\u00e4hofer f\u00fcr das Haushaltswarengesch\u00e4ft Wilhelm Koller gemalte Werbeplakate, die der geb\u00fcrtige M\u00fchldorfer Hans Koller aus seiner Wahlheimat Australien nach M\u00fchldorf a.Inn zur\u00fcckgebracht hat. Diese haben nun ihren Platz im Vortragsraum der St\u00e4dtischen Musikschule gefunden.<\/p>\n","protected":false},"excerpt":{"rendered":"<p>Hans Pr\u00e4hofer Vita Am 29. September 1920 in Traunstein geboren, aufgewachsen in M\u00fchldorf a.Inn, im 2. Weltkrieg in Polen, Frankreich und Russland stationiert, nach Verwundungen aus der Wehrmacht entlassen. Studium bei Prof. Adolf Schinnerer an der Akademie der Bildenden K\u00fcnste in M\u00fcnchen, danach freischaffender K\u00fcnstler. 1945 Heirat mit einer Hamburgerin, mit zwei Kindern. Harte Nachkriegsjahre, die Hans Pr\u00e4hofer als Zeitungsschreiber \u00fcberbr\u00fccken konnte. Lokalberichterstatter f\u00fcr das Oberbayerische Volksblatt und andere Gazetten. Gerichts- und Polizeiberichte, kleinst\u00e4dtisches Vereinsgeschehen, Neues aus dem Rathaus und vom Kreistag, hautnah Erlebtes. 1949 schildert Hans Pr\u00e4hofer in 72 Folgen den Zusammenbruch und die Zeit bis 1948 am Beispiel einer Stadt am Inn und ihrem Hinterland (eine Dokumentation mit vielen Zeichnungen, 1985 als Buch erschienen). Langsam griff das Werken als Maler und Zeichner. Gewonnene Wettbewerbe, Plakate, Prospekte, Kunst am Bau, Illustrationen.&nbsp; Pers\u00f6nliche Kontakte und Briefwechsel mit Alfred Kubin. 1966 ist der Roman&nbsp;\u201cDie Drachenschaukel\u201c&nbsp;bei Piper erschienen, berichtet von einer Jugend in Altbayern. Das Buch hat Aufsehen erregt. Ma\u00dfgebende Rezensenten begr\u00fc\u00dften es als wichtiges literarisches Ereignis. 1991 mit dem Bundesverdienstkreuz am Bande und dem Bayerischen Poetentaler ausgezeichnet, Mitglied bei den M\u00fcnchner Turmschreibern. 1995 erh\u00e4lt Hans Pr\u00e4hofer&nbsp; die Verdienstmedaille in Gold des Landkreises M\u00fchldorf a.Inn. 1997 folgt die Berufung in den k\u00fcnstlerischen Beirat ins Haus der Kunst. 2004 wird Hans Pr\u00e4hofer das Verdienstkreuz 1. Klasse des Verdienstordens der Bundesrepublik Deutschland verliehen. Sein Atelier hatte der K\u00fcnstler bis zu seinem Tod am 6.November 2005 nahe der Isar im alten M\u00fcnchener Stadtteil Au. \u2020&nbsp; 6. November 2005 in M\u00fcnchen. Galerie mit Bildern von Hans Pr\u00e4hofer im Schulgeb\u00e4ude Die Sparkasse M\u00fchldorf \/ Alt\u00f6tting hat uns insgesamt 33 hochwertige Reproduktionen von Bildern des Malers Hans Pr\u00e4hofer als Schenkung \u00fcberlassen. Die Bilder h\u00e4ngen nun an unseren W\u00e4nden auf den G\u00e4ngen des Erdgeschosses und des 1. Stocks und unserer Treppenh\u00e4user und vermitteln einen repr\u00e4sentativen Querschnitt aus dem umfangreichen Schaffen des K\u00fcnstlers. Au\u00dferdem erhielt das Hans-Pr\u00e4hofer-Haus drei in den sechziger Jahren von Hans Pr\u00e4hofer f\u00fcr das Haushaltswarengesch\u00e4ft Wilhelm Koller gemalte Werbeplakate, die der geb\u00fcrtige M\u00fchldorfer Hans Koller aus seiner Wahlheimat Australien nach M\u00fchldorf a.Inn zur\u00fcckgebracht hat. Diese haben nun ihren Platz im Vortragsraum der St\u00e4dtischen Musikschule gefunden.<\/p>\n","protected":false},"author":11,"featured_media":1375,"parent":0,"menu_order":0,"comment_status":"closed","ping_status":"closed","template":"","meta":{"ngg_post_thumbnail":0,"_price":"","_stock":"","_tribe_ticket_header":"","_tribe_default_ticket_provider":"","_ticket_start_date":"","_ticket_end_date":"","_tribe_ticket_show_description":"","_tribe_ticket_show_not_going":false,"_tribe_ticket_use_global_stock":"","_tribe_ticket_global_stock_level":"","_global_stock_mode":"","_global_stock_cap":"","_tribe_rsvp_for_event":"","_tribe_ticket_going_count":"","_tribe_ticket_not_going_count":"","_tribe_tickets_list":"[]","_tribe_ticket_has_attendee_info_fields":false,"footnotes":"","_tec_slr_enabled":"","_tec_slr_layout":""},"class_list":["post-229","page","type-page","status-publish","has-post-thumbnail","hentry"],"acf":[],"publishpress_future_action":{"enabled":false,"date":"2026-05-20 11:34:52","action":"change-status","newStatus":"draft","terms":[],"taxonomy":"","extraData":[]},"publishpress_future_workflow_manual_trigger":{"enabledWorkflows":[]},"ticketed":false,"_links":{"self":[{"href":"https:\/\/musikschule-muehldorf.de\/index.php?rest_route=\/wp\/v2\/pages\/229","targetHints":{"allow":["GET"]}}],"collection":[{"href":"https:\/\/musikschule-muehldorf.de\/index.php?rest_route=\/wp\/v2\/pages"}],"about":[{"href":"https:\/\/musikschule-muehldorf.de\/index.php?rest_route=\/wp\/v2\/types\/page"}],"author":[{"embeddable":true,"href":"https:\/\/musikschule-muehldorf.de\/index.php?rest_route=\/wp\/v2\/users\/11"}],"replies":[{"embeddable":true,"href":"https:\/\/musikschule-muehldorf.de\/index.php?rest_route=%2Fwp%2Fv2%2Fcomments&post=229"}],"version-history":[{"count":15,"href":"https:\/\/musikschule-muehldorf.de\/index.php?rest_route=\/wp\/v2\/pages\/229\/revisions"}],"predecessor-version":[{"id":1376,"href":"https:\/\/musikschule-muehldorf.de\/index.php?rest_route=\/wp\/v2\/pages\/229\/revisions\/1376"}],"wp:featuredmedia":[{"embeddable":true,"href":"https:\/\/musikschule-muehldorf.de\/index.php?rest_route=\/wp\/v2\/media\/1375"}],"wp:attachment":[{"href":"https:\/\/musikschule-muehldorf.de\/index.php?rest_route=%2Fwp%2Fv2%2Fmedia&parent=229"}],"curies":[{"name":"wp","href":"https:\/\/api.w.org\/{rel}","templated":true}]}}