{"id":222,"date":"2013-06-09T17:44:42","date_gmt":"2013-06-09T17:44:42","guid":{"rendered":"http:\/\/www.musikschule-muehldorf.de\/?page_id=222"},"modified":"2021-09-12T12:28:53","modified_gmt":"2021-09-12T12:28:53","slug":"jegopg","status":"publish","type":"page","link":"https:\/\/musikschule-muehldorf.de\/?page_id=222","title":{"rendered":"JEGOG"},"content":{"rendered":"<h2>Balinesisches Bambus-Gamelan<\/h2>\nngg_shortcode_0_placeholder\n<p>Durch eine Laune der Natur bestehen f\u00fcr die Bambusgew\u00e4chse im S\u00fcden Balis hervorragende Wachstumsbedingungen. So erreicht der Bambus teilweise enorme Ausma\u00dfe. Einzelne R\u00f6hren weisen einen Durchmesser von 20-30 cm auf.<\/p>\n<p>Zum Spiel des JEGOG-Instruments werden Schl\u00e4gel mit schweren Gummik\u00f6pfen \u00e4hnlich wie f\u00fcr die gro\u00dfen Gongs im Gamelan ben\u00f6tigt, um die Instrumente zum Klingen zu bringen. Zustande kommt ein au\u00dferordentlich tragender und weich klingender Ton.<\/p>\n<p>Das JEGOG wird auf Bali zur musikalischen Umrahmung von Wasserb\u00fcffel-Rennen verwendet.<\/p>\n<p>Das JEGOG-Instrumentenensemble besteht aus insgesamt 11 Instrumenten, n\u00e4mlich 1x Jegog, 2x Undir, 2x Kutung, 3x Barangan und 3x Kancil.<\/p>\n<p>Der vor einigen Jahren am Ruperti-Gymnasium als Gamelan-Lehrer t\u00e4tige\u00a0 Dr. Andras Varsanj (derzeit Leiter der Instrumentenabteilung am M\u00fcnchener Stadtmuseum) war bis zum Jahr 2006 im Besitz eines Bambus-JEGOG, das ist ein au\u00dferhalb Indonesiens \u00e4u\u00dferst seltenes Instrumentarium aus Bambusr\u00f6hren, das von der Technik her wie das Gamelan gespielt wird. Dieses JEGOG war eigentlich schon kurz davor, im \u00dcberseemuseum Bremen <em>zu verschwinden<\/em>, als wir auf die Initiative von Michael Niebauer (Musiklehrer des Ruperti-Gymnasiums) durch die Vereinsgr\u00fcndung des <em>Puspa Kamala <\/em>die Grundlage schafften, dieses Instrumentenensemble nach M\u00fchldorf zu bringen.<\/p>\n<p>Dr. Andras Varsanj, studierter Schlagwerker und Professor an der Universit\u00e4t M\u00fcnster, hatte sich bereit erkl\u00e4rt, sein Bambus-JEGOG zu ver\u00e4u\u00dfern. Nun hatte sich auf Initiative von Landrat Georg Huber die Kreissparkasse M\u00fchldorf dazu bereit erkl\u00e4rt, das Instrumentarium zu erwerben und es der St\u00e4dt. Musikschule M\u00fchldorf a.Inn zur Verf\u00fcgung zu stellen.<\/p>\n<p>Es gibt in ganz Europa nur das <em>M\u00fchldorfer JEGOG<\/em>, es gibt noch eines in San Franzisko und eines in Japan; ansonsten gibt es Instrumentens\u00e4tze dieser Art nur auf Bali (Indonesien) zu sehen und zu h\u00f6ren. Die St\u00e4dt. Musikschule M\u00fchldorf hat f\u00fcr das JEGOG einen eigenen Raum (EG 3) zur Verf\u00fcgung gestellt. Mit Ivanildo Kowsoleea hat die Musikschule einen versierten JEGOG-Dozenten, der sich das notwendige Know-how angeeignet hat, um das exotische Instrumentarium spielen und auch fachm\u00e4nnisch warten zu k\u00f6nnen. Er bietet im Rahmen des Erg\u00e4nzungsunterrichts das JEGOG-Spiel als Unterrichtsfach an.<\/p>\n<p>Dabei k\u00f6nnen Gruppen von 11- 15 Personen auch ohne einschl\u00e4gige Vorkenntnisse das Instrumentarium bespielen und in eine ebenso faszinierende wie exotische Kultur eintauchen. Das bedeutet f\u00fcr die Kreisstadt M\u00fchldorf und f\u00fcr alle \u00a0Beteiligten (Musikschule; weiterf\u00fchrende Schulen, Betriebe, Verein PUSPA KAMALA) eine einmalige Chance im Bereich des V\u00f6lkerverst\u00e4ndigungsgedankens, des Kulturaustausches und der Einrichtung (\u00fcber-) regionaler musikp\u00e4dagogischer Konzepte.<\/p>\n<p>Am Montag, den 2. Oktober 2006 fand in M\u00fchldorf die offizielle \u00dcbergabe des Instrumentariums an die Musikschule und den eigens gegr\u00fcndeten Verein Puspa Kamala (1. Vorsitzender: Ivanildo Kowsoleea) statt. Neben der Vorstandschaft der Sparkasse und Landrat Georg Huber hatten sich dazu auch der 2. B\u00fcrgermeister Josef Schwarz, Kulturreferent Dr. Wanka, der Musikschulleiter Thomas Breitsameter, zahlreiche Vereinsmitglieder und die \u00f6rtliche Presse in der St\u00e4dt. Musikschule M\u00fchldorf a.Inn eingefunden. Die Vereinsmitglieder gaben auf dem Instrumentarium eine klangliche Kostprobe und luden die \u00fcbrigen Anwesenden in der Folge zum Mitspielen ein. Damit hat die Kreissparkasse M\u00fchldorf einmal mehr ihre Verantwortung und ihr Interesse bei der Umsetzung eines bedeutenden multikulturellen musikp\u00e4dagogischen Konzeptes eindrucksvoll unter Beweis gestellt.<\/p>\n","protected":false},"excerpt":{"rendered":"<p>Balinesisches Bambus-Gamelan Durch eine Laune der Natur bestehen f\u00fcr die Bambusgew\u00e4chse im S\u00fcden Balis hervorragende Wachstumsbedingungen. So erreicht der Bambus teilweise enorme Ausma\u00dfe. Einzelne R\u00f6hren weisen einen Durchmesser von 20-30 cm auf. Zum Spiel des JEGOG-Instruments werden Schl\u00e4gel mit schweren Gummik\u00f6pfen \u00e4hnlich wie f\u00fcr die gro\u00dfen Gongs im Gamelan ben\u00f6tigt, um die Instrumente zum Klingen zu bringen. Zustande kommt ein au\u00dferordentlich tragender und weich klingender Ton. Das JEGOG wird auf Bali zur musikalischen Umrahmung von Wasserb\u00fcffel-Rennen verwendet. Das JEGOG-Instrumentenensemble besteht aus insgesamt 11 Instrumenten, n\u00e4mlich 1x Jegog, 2x Undir, 2x Kutung, 3x Barangan und 3x Kancil. Der vor einigen Jahren am Ruperti-Gymnasium als Gamelan-Lehrer t\u00e4tige\u00a0 Dr. Andras Varsanj (derzeit Leiter der Instrumentenabteilung am M\u00fcnchener Stadtmuseum) war bis zum Jahr 2006 im Besitz eines Bambus-JEGOG, das ist ein au\u00dferhalb Indonesiens \u00e4u\u00dferst seltenes Instrumentarium aus Bambusr\u00f6hren, das von der Technik her wie das Gamelan gespielt wird. Dieses JEGOG war eigentlich schon kurz davor, im \u00dcberseemuseum Bremen zu verschwinden, als wir auf die Initiative von Michael Niebauer (Musiklehrer des Ruperti-Gymnasiums) durch die Vereinsgr\u00fcndung des Puspa Kamala die Grundlage schafften, dieses Instrumentenensemble nach M\u00fchldorf zu bringen. Dr. Andras Varsanj, studierter Schlagwerker und Professor an der Universit\u00e4t M\u00fcnster, hatte sich bereit erkl\u00e4rt, sein Bambus-JEGOG zu ver\u00e4u\u00dfern. Nun hatte sich auf Initiative von Landrat Georg Huber die Kreissparkasse M\u00fchldorf dazu bereit erkl\u00e4rt, das Instrumentarium zu erwerben und es der St\u00e4dt. Musikschule M\u00fchldorf a.Inn zur Verf\u00fcgung zu stellen. Es gibt in ganz Europa nur das M\u00fchldorfer JEGOG, es gibt noch eines in San Franzisko und eines in Japan; ansonsten gibt es Instrumentens\u00e4tze dieser Art nur auf Bali (Indonesien) zu sehen und zu h\u00f6ren. Die St\u00e4dt. Musikschule M\u00fchldorf hat f\u00fcr das JEGOG einen eigenen Raum (EG 3) zur Verf\u00fcgung gestellt. Mit Ivanildo Kowsoleea hat die Musikschule einen versierten JEGOG-Dozenten, der sich das notwendige Know-how angeeignet hat, um das exotische Instrumentarium spielen und auch fachm\u00e4nnisch warten zu k\u00f6nnen. Er bietet im Rahmen des Erg\u00e4nzungsunterrichts das JEGOG-Spiel als Unterrichtsfach an. Dabei k\u00f6nnen Gruppen von 11- 15 Personen auch ohne einschl\u00e4gige Vorkenntnisse das Instrumentarium bespielen und in eine ebenso faszinierende wie exotische Kultur eintauchen. Das bedeutet f\u00fcr die Kreisstadt M\u00fchldorf und f\u00fcr alle \u00a0Beteiligten (Musikschule; weiterf\u00fchrende Schulen, Betriebe, Verein PUSPA KAMALA) eine einmalige Chance im Bereich des V\u00f6lkerverst\u00e4ndigungsgedankens, des Kulturaustausches und der Einrichtung (\u00fcber-) regionaler musikp\u00e4dagogischer Konzepte. Am Montag, den 2. Oktober 2006 fand in M\u00fchldorf die offizielle \u00dcbergabe des Instrumentariums an die Musikschule und den eigens gegr\u00fcndeten Verein Puspa Kamala (1. Vorsitzender: Ivanildo Kowsoleea) statt. Neben der Vorstandschaft der Sparkasse und Landrat Georg Huber hatten sich dazu auch der 2. B\u00fcrgermeister Josef Schwarz, Kulturreferent Dr. Wanka, der Musikschulleiter Thomas Breitsameter, zahlreiche Vereinsmitglieder und die \u00f6rtliche Presse in der St\u00e4dt. Musikschule M\u00fchldorf a.Inn eingefunden. Die Vereinsmitglieder gaben auf dem Instrumentarium eine klangliche Kostprobe und luden die \u00fcbrigen Anwesenden in der Folge zum Mitspielen ein. Damit hat die Kreissparkasse M\u00fchldorf einmal mehr ihre Verantwortung und ihr Interesse bei der Umsetzung eines bedeutenden multikulturellen musikp\u00e4dagogischen Konzeptes eindrucksvoll unter Beweis gestellt.<\/p>\n","protected":false},"author":11,"featured_media":1385,"parent":0,"menu_order":0,"comment_status":"closed","ping_status":"closed","template":"","meta":{"ngg_post_thumbnail":0,"_price":"","_stock":"","_tribe_ticket_header":"","_tribe_default_ticket_provider":"","_ticket_start_date":"","_ticket_end_date":"","_tribe_ticket_show_description":"","_tribe_ticket_show_not_going":false,"_tribe_ticket_use_global_stock":"","_tribe_ticket_global_stock_level":"","_global_stock_mode":"","_global_stock_cap":"","_tribe_rsvp_for_event":"","_tribe_ticket_going_count":"","_tribe_ticket_not_going_count":"","_tribe_tickets_list":"[]","_tribe_ticket_has_attendee_info_fields":false,"footnotes":"","_tec_slr_enabled":"","_tec_slr_layout":""},"class_list":["post-222","page","type-page","status-publish","has-post-thumbnail","hentry"],"acf":[],"publishpress_future_action":{"enabled":false,"date":"2026-05-08 03:57:57","action":"change-status","newStatus":"draft","terms":[],"taxonomy":"","extraData":[]},"publishpress_future_workflow_manual_trigger":{"enabledWorkflows":[]},"ticketed":false,"_links":{"self":[{"href":"https:\/\/musikschule-muehldorf.de\/index.php?rest_route=\/wp\/v2\/pages\/222","targetHints":{"allow":["GET"]}}],"collection":[{"href":"https:\/\/musikschule-muehldorf.de\/index.php?rest_route=\/wp\/v2\/pages"}],"about":[{"href":"https:\/\/musikschule-muehldorf.de\/index.php?rest_route=\/wp\/v2\/types\/page"}],"author":[{"embeddable":true,"href":"https:\/\/musikschule-muehldorf.de\/index.php?rest_route=\/wp\/v2\/users\/11"}],"replies":[{"embeddable":true,"href":"https:\/\/musikschule-muehldorf.de\/index.php?rest_route=%2Fwp%2Fv2%2Fcomments&post=222"}],"version-history":[{"count":14,"href":"https:\/\/musikschule-muehldorf.de\/index.php?rest_route=\/wp\/v2\/pages\/222\/revisions"}],"predecessor-version":[{"id":1394,"href":"https:\/\/musikschule-muehldorf.de\/index.php?rest_route=\/wp\/v2\/pages\/222\/revisions\/1394"}],"wp:featuredmedia":[{"embeddable":true,"href":"https:\/\/musikschule-muehldorf.de\/index.php?rest_route=\/wp\/v2\/media\/1385"}],"wp:attachment":[{"href":"https:\/\/musikschule-muehldorf.de\/index.php?rest_route=%2Fwp%2Fv2%2Fmedia&parent=222"}],"curies":[{"name":"wp","href":"https:\/\/api.w.org\/{rel}","templated":true}]}}