{"id":16,"date":"2011-10-29T23:33:58","date_gmt":"2011-10-29T23:33:58","guid":{"rendered":"http:\/\/www.musikschule-muehldorf.de\/?page_id=16"},"modified":"2023-07-17T10:17:27","modified_gmt":"2023-07-17T08:17:27","slug":"seite-2","status":"publish","type":"page","link":"https:\/\/musikschule-muehldorf.de\/?page_id=16","title":{"rendered":"M\u00fchldorfer Sommerakademie"},"content":{"rendered":"ngg_shortcode_0_placeholder\n<p>Die <strong>M\u00fchldorfer Sommerakademie<\/strong> wurde im Jahr 2003 als eines der nachhaltigen Ergebnisse der Ausstellung <em>200 Jahre Salzburg in Bayern <\/em>vom <strong>M\u00fchldorfer Musikschulleiter Thomas Breitsameter<\/strong> zusammen mit<strong> Prof. J\u00fcrgen Geise<\/strong> vom Salzburger Mozarteum gegr\u00fcndet. Nach dem Tod von Prof. J\u00fcrgen Geise im Jahr 2011 wurde die k\u00fcnstlerische Leitung der Akademie an <strong>Prof. Roland Baldini<\/strong> \u00fcbertragen. Er hat das Meisterkursangebot konsequent weitergef\u00fchrt und optimiert.&nbsp;<\/p>\n<p>Mit der 15. M\u00fchldorfer Akademie 2017 hat <strong>Prof. Frithjof Martin Grabner<\/strong> die k\u00fcnstlerische Leitung \u00fcbernommen. Die Meisterkurse verstehen sich dabei als musikp\u00e4dagogisches und kulturelles Angebot f\u00fcr alle Musikschaffenden. Dabei sollen vom fortgeschrittenen Musiksch\u00fcler \u00fcber Musikstudenten, Profimusiker, Musikp\u00e4dagogen und bestehende Ensembles bis zum ambitionierten Amateurmusiker alle Musikinteressierten angesprochen werden. Alle genannten Zielgruppen haben bei uns die M\u00f6glichkeit, sich \u00fcber einen Zeitraum von 11 Tagen unter der Anleitung und Betreuung international bekannter Dozenten optimal auf eine Pr\u00fcfung, einen Wettbewerb, einen Konzertauftritt oder ein Probespiel vorzubereiten und sich instrumental und musikalisch weiterzubilden.<\/p>\n<p>Das Projekt wird europaweit an Ausbildungsst\u00e4tten f\u00fcr Musik (Musikhochschulen und Konservatorien, Musik-Gymnasien, ausgew\u00e4hlte Musikschulen im VBSM) und dar\u00fcber hinaus an ausgesuchten au\u00dfereurop\u00e4ischen Instituten beworben. Gleichzeitig wurde es in die Kursaufstellung des <em>Deutschen Musikinformationszentrums<\/em>&nbsp;(MIZ) und des Schweizer MIZ aufgenommen.<\/p>\n<p>N\u00e4here Informationen unter: <a title=\"Muehldorfer Sommerakademie\" href=\"http:\/\/www.muehldorfer-sommerakademie.de\" target=\"_blank\" rel=\"noopener\">www.muehldorfer-sommerakademie.de<\/a><\/p>\n<p>Leider mussten die Akademien in 2020 und 2021 wegen der COVID-19-Pandemie und den damit verbundenen Reise-, Kontakt- und Veranstaltungsbeschr\u00e4nkungen jeweils komplett abgesagt werden. Seit 2022 l\u00e4uft der akademiebetrieb wieder ohne Einschr\u00e4nkungen.<\/p>\n","protected":false},"excerpt":{"rendered":"<p>Die M\u00fchldorfer Sommerakademie wurde im Jahr 2003 als eines der nachhaltigen Ergebnisse der Ausstellung 200 Jahre Salzburg in Bayern vom M\u00fchldorfer Musikschulleiter Thomas Breitsameter zusammen mit Prof. J\u00fcrgen Geise vom Salzburger Mozarteum gegr\u00fcndet. Nach dem Tod von Prof. J\u00fcrgen Geise im Jahr 2011 wurde die k\u00fcnstlerische Leitung der Akademie an Prof. Roland Baldini \u00fcbertragen. Er hat das Meisterkursangebot konsequent weitergef\u00fchrt und optimiert.&nbsp; Mit der 15. M\u00fchldorfer Akademie 2017 hat Prof. Frithjof Martin Grabner die k\u00fcnstlerische Leitung \u00fcbernommen. Die Meisterkurse verstehen sich dabei als musikp\u00e4dagogisches und kulturelles Angebot f\u00fcr alle Musikschaffenden. Dabei sollen vom fortgeschrittenen Musiksch\u00fcler \u00fcber Musikstudenten, Profimusiker, Musikp\u00e4dagogen und bestehende Ensembles bis zum ambitionierten Amateurmusiker alle Musikinteressierten angesprochen werden. Alle genannten Zielgruppen haben bei uns die M\u00f6glichkeit, sich \u00fcber einen Zeitraum von 11 Tagen unter der Anleitung und Betreuung international bekannter Dozenten optimal auf eine Pr\u00fcfung, einen Wettbewerb, einen Konzertauftritt oder ein Probespiel vorzubereiten und sich instrumental und musikalisch weiterzubilden. Das Projekt wird europaweit an Ausbildungsst\u00e4tten f\u00fcr Musik (Musikhochschulen und Konservatorien, Musik-Gymnasien, ausgew\u00e4hlte Musikschulen im VBSM) und dar\u00fcber hinaus an ausgesuchten au\u00dfereurop\u00e4ischen Instituten beworben. Gleichzeitig wurde es in die Kursaufstellung des Deutschen Musikinformationszentrums&nbsp;(MIZ) und des Schweizer MIZ aufgenommen. N\u00e4here Informationen unter: www.muehldorfer-sommerakademie.de Leider mussten die Akademien in 2020 und 2021 wegen der COVID-19-Pandemie und den damit verbundenen Reise-, Kontakt- und Veranstaltungsbeschr\u00e4nkungen jeweils komplett abgesagt werden. Seit 2022 l\u00e4uft der akademiebetrieb wieder ohne Einschr\u00e4nkungen.<\/p>\n","protected":false},"author":11,"featured_media":1378,"parent":0,"menu_order":20,"comment_status":"closed","ping_status":"closed","template":"","meta":{"ngg_post_thumbnail":0,"_price":"","_stock":"","_tribe_ticket_header":"","_tribe_default_ticket_provider":"","_ticket_start_date":"","_ticket_end_date":"","_tribe_ticket_show_description":"","_tribe_ticket_show_not_going":false,"_tribe_ticket_use_global_stock":"","_tribe_ticket_global_stock_level":"","_global_stock_mode":"","_global_stock_cap":"","_tribe_rsvp_for_event":"","_tribe_ticket_going_count":"","_tribe_ticket_not_going_count":"","_tribe_tickets_list":"[]","_tribe_ticket_has_attendee_info_fields":false,"footnotes":"","_tec_slr_enabled":"","_tec_slr_layout":""},"class_list":["post-16","page","type-page","status-publish","has-post-thumbnail","hentry"],"acf":[],"publishpress_future_action":{"enabled":false,"date":"2026-04-24 08:23:50","action":"change-status","newStatus":"draft","terms":[],"taxonomy":"","extraData":[]},"publishpress_future_workflow_manual_trigger":{"enabledWorkflows":[]},"ticketed":false,"_links":{"self":[{"href":"https:\/\/musikschule-muehldorf.de\/index.php?rest_route=\/wp\/v2\/pages\/16","targetHints":{"allow":["GET"]}}],"collection":[{"href":"https:\/\/musikschule-muehldorf.de\/index.php?rest_route=\/wp\/v2\/pages"}],"about":[{"href":"https:\/\/musikschule-muehldorf.de\/index.php?rest_route=\/wp\/v2\/types\/page"}],"author":[{"embeddable":true,"href":"https:\/\/musikschule-muehldorf.de\/index.php?rest_route=\/wp\/v2\/users\/11"}],"replies":[{"embeddable":true,"href":"https:\/\/musikschule-muehldorf.de\/index.php?rest_route=%2Fwp%2Fv2%2Fcomments&post=16"}],"version-history":[{"count":37,"href":"https:\/\/musikschule-muehldorf.de\/index.php?rest_route=\/wp\/v2\/pages\/16\/revisions"}],"predecessor-version":[{"id":1968,"href":"https:\/\/musikschule-muehldorf.de\/index.php?rest_route=\/wp\/v2\/pages\/16\/revisions\/1968"}],"wp:featuredmedia":[{"embeddable":true,"href":"https:\/\/musikschule-muehldorf.de\/index.php?rest_route=\/wp\/v2\/media\/1378"}],"wp:attachment":[{"href":"https:\/\/musikschule-muehldorf.de\/index.php?rest_route=%2Fwp%2Fv2%2Fmedia&parent=16"}],"curies":[{"name":"wp","href":"https:\/\/api.w.org\/{rel}","templated":true}]}}